?
3
What is the units digit of 1136708?
8
What is the hundreds digit of 12300322?
3
What is the units digit of 971317?
7
What is the thousands digit of 189004?
9
What is the millions digit of 2326606?
2
What is the units digit of 1959807?
7
What is the hundred thousands digit of 644918?
6
What is the tens digit of 1114188?
8
What is the hundreds digit of 26936423?
4
What is the units digit of 1365214?
4
What is the hundreds digit of 12700469?
4
What is the ten thousands digit of 32933969?
3
What is the millions digit of 33011677?
3
What is the units digit of 837333?
3
What is the thousands digit of 586506?
6
What is the hundred thousands digit of 754032?
7
What is the thousands digit of 18849?
8
What is the units digit of 3222748?
8
What is the tens digit of 670881?
8
What is the hundred thousands digit of 30006656?
0
What is the ten millions digit of 13434867?
1
What is the thousands digit of 2813602?
3
What is the millions digit of 3572934?
3
What is the thousands digit of 5094793?
4
What is the ten thousands digit of 1355986?
5
What is the ten thousands digit of 168416?
6
What is the ten millions digit of 13242801?
1
What is the millions digit of 1364832?
1
What is the millions digit of 1459800?
1
What is the units digit of 155689?
9
What is the units digit of 875135?
5
What is the millions digit of 1723154?
1
What is the thousands digit of 16456712?
6
What is the hundred thousands digit of 9065566?
0
What is the tens digit of 41892?
9
What is the thousands digit of 16988663?
8
What is the ten thousands digit of 1230688?
3
What is the hundred thousands digit of 714352?
7
What is the tens digit of 347905?
0
What is the tens digit of 85694?
9
What is the ten thousands digit of 219623?
1
What is the units digit of 12900656?
6
What is the hundreds digit of 6799518?
5
What is the hundred thousands digit of 362679?
3
What is the tens digit of 82501?
0
What is the hundreds digit of 33741?
7
What is the hundreds digit of 8809600?
6
What is the hundred thousands digit of 12219174?
2
What is the ten thousands digit of 323374?
2
What is the tens digit of 2516589?
8
What is the units digit of 1056078?
8
What is the tens digit of 101530?
3
What is the thousands digit of 93962?
3
What is the units digit of 19973625?
5
What is the units digit of 4387330?
0
What is the ten thousands digit of 2456090?
5
What is the units digit of 86362?
2
What is the hundreds digit of 690599?
5
What is the tens digit of 1318814?
1
What is the thousands digit of 259598?
9
What is the hundred thousands digit of 5941651?
9
What is the tens digit of 240898?
9
What is the hundred thousands digit of 2430688?
4
What is the hundred thousands digit of 4348845?
3
What is the tens digit of 113547?
4
What is the thousands digit of 808633?
8
What is the hundreds digit of 1176958?
9
What is the units digit of 7972317?
7
What is the ten thousands digit of 2716032?
1
What is the units digit of 293852?
2
What is the ten thousands digit of 4889115?
8
What is the tens digit of 473996?
9
What is the tens digit of 2553839?
3
What is the thousands digit of 2490?
2
What is the units digit of 290592?
2
What is the hundreds digit of 30516?
5
What is the ten thousands digit of 2306115?
0
What is the units digit of 281561?
1
What is the hundreds digit of 803203?
2
What is the hundreds digit of 166466?
4
What is the thousands digit of 599198?
9
What is the ten thousands digit of 747838?
4
What is the ten thousands digit of 17421?
1
What is the thousands digit of 122889?
2
What is the units digit of 3385795?
5
What is the units digit of 888296?
6
What is the hundred thousands digit of 1198732?
1
What is the thousands digit of 193310?
3
What is the millions digit of 1553950?
1
What is the thousands digit of 20308?
0
What is the thousands digit of 557802?
7
What is the hundred thousands digit of 669898?
6
What is the tens digit of 232610?
1
What is the thousands digit of 339802?
9
What is the hundreds digit of 163585?
5
What is the tens digit of 118961?
6
What is the hundreds digit of 345938?
9
What is the hundred thousands digit of 162082?
1
What is the ten thousands digit of 22848595?
4
What is the thousands digit of 31660055?
0
What is the millions digit of 30252924?
0
What is the hundred thousands digit of 1480929?
4
What is the millions digit of 2832906?
2
What is the hundreds digit of 553983?
9
What is the millions digit of 6186643?
6
What is the hundreds digit of 1732982?
9
What is the hundred thousands digit of 7516446?
5
What is the millions digit of 17002761?
7
What is the tens digit of 5696330?
3
What is the thousands digit of 273850?
3
What is the thousands digit of 17738701?
8
What is the hundred thousands digit of 8254542?
2
What is the millions digit of 1083916?
1
What is the ten thousands digit of 8827851?
2
What is the hundreds digit of 251400?
4
What is the units digit of 1712?
2
What is the thousands digit of 94223?
4
What is the thousands digit of 7711?
7
What is the tens digit of 12818231?
3
What is the hundred thousands digit of 146204?
1
What is the units digit of 4118085?
5
What is the hundred thousands digit of 845878?
8
What is the hundreds digit of 522928?
9
What is the units digit of 210004?
4
What is the ten thousands digit of 7587335?
8
What is the ten millions digit of 11320517?
1
What is the hundreds digit of 11632726?
7
What is the thousands digit of 16850093?
0
What is the millions digit of 1479712?
1
What is the hundred thousands digit of 3734586?
7
What is the units digit of 25077746?
6
What is the thousands digit of 1145826?
5
What is the tens digit of 1465868?
6
What is the ten thousands digit of 5990320?
9
What is the thousands digit of 9852?
9
What is the tens digit of 4640028?
2
What is the hundreds digit of 535533?
5
What is the hundreds digit of 296988?
9
What is the millions digit of 3409039?
3
What is the units digit of 487059?
9
What is the ten thousands digit of 913706?
1
What is the hundreds digit of 37847905?
9
What is the hundred thousands digit of 788015?
7
What is the hundreds digit of 155553?
5
What is the ten millions digit of 26167061?
2
What is the millions digit of 14207652?
4
What is the units digit of 249393?
3
What is the hundred thousands digit of 3605575?
6
What is the ten thousands digit of 195478?
9
What is the hundreds digit of 170188?
1
What is the hundreds digit of 26510357?
3
What is the ten thousands digit of 1186593?
8
What is the hundreds digit of 6202066?
0
What is the tens digit of 291773?
7
What is the tens digit of 28167?
6
What is the tens digit of 70624?
2
What is the thousands digit of 326068?
6
What is the hundred thousands digit of 367424?
3
What is the ten thousands digit of 269377?
6
What is the hundred thousands digit of 960990?
9
What is the tens digit of 6405753?
5
What is the ten thousands digit of 144721?
4
What is the hundreds digit of 977723?
7
What is the millions digit of 1005622?
1
What is the hundreds digit of 860379?
3
What is the hundreds digit of 14188554?
5
What is the thousands digit of 13909451?
9
What is the hundreds digit of 532988?
9
What is the thousands digit of 195683?
5
What is the hundreds digit of 11829?
8
What is the hundred thousands digit of 4084072?
0
What is the thousands digit of 5774371?
4
What is the tens digit of 322127?
2
What is the hundreds digit of 403507?
5
What is the units digit of 16986139?
9
What is the hundred thousands digit of 2600996?
6
What is the millions digit of 21481770?
1
What is the ten millions digit of 16188997?
1
What is the units digit of 765140?
0
What is the tens digit of 2106749?
4
What is the hundreds digit of 377026?
0
What is the units digit of 256412?
2
What is the tens digit of 17443488?
8
What is the hundreds digit of 641292?
2
What is the hundred thousands digit of 103455?
1
What is the tens digit of 586283?
8
What is the ten millions digit of 16126560?
1
What is the tens digit of 44486?
8
What is the units digit of 312831?
1
What is the millions digit of 18191635?
8
What is the ten thousands digit of 1637920?
3
What is the hundred thousands digit of 1939356?
9
What is the thousands digit of 5515054?
5
What is the hundreds digit of 163335?
3
What is the hundreds digit of 132973?
9
What is the units digit of 4230381?
1
What is the tens digit of 246297?